{"id":5,"date":"2025-01-14T08:39:56","date_gmt":"2025-01-14T08:39:56","guid":{"rendered":"https:\/\/isabelgarcianutri.com\/?page_id=5"},"modified":"2025-03-12T10:38:45","modified_gmt":"2025-03-12T10:38:45","slug":"inicio","status":"publish","type":"page","link":"https:\/\/isabelgarcianutri.com\/","title":{"rendered":"P\u00e1gina de incio"},"content":{"rendered":"\t\t<div data-elementor-type=\"wp-page\" data-elementor-id=\"5\" class=\"elementor elementor-5\" data-elementor-post-type=\"page\">\n\t\t\t\t<div class=\"elementor-element elementor-element-64f5b02 e-flex e-con-boxed e-con e-parent\" data-id=\"64f5b02\" data-element_type=\"container\" data-e-type=\"container\">\n\t\t\t\t\t<div class=\"e-con-inner\">\n\t\t<div class=\"elementor-element elementor-element-9aff2c4 e-con-full e-flex e-con e-child\" data-id=\"9aff2c4\" data-element_type=\"container\" data-e-type=\"container\">\n\t\t\t\t<div class=\"elementor-element elementor-element-ffc87d0 elementor-widget elementor-widget-heading\" data-id=\"ffc87d0\" data-element_type=\"widget\" data-e-type=\"widget\" data-widget_type=\"heading.default\">\n\t\t\t\t<div class=\"elementor-widget-container\">\n\t\t\t\t\t<h2 class=\"elementor-heading-title elementor-size-default\">Empieza a cuidar tu alimentaci\u00f3n y olv\u00eddate de dietas<\/h2>\t\t\t\t<\/div>\n\t\t\t\t<\/div>\n\t\t\t\t<div class=\"elementor-element elementor-element-0d8feac elementor-widget__width-initial elementor-widget elementor-widget-text-editor\" data-id=\"0d8feac\" data-element_type=\"widget\" data-e-type=\"widget\" data-widget_type=\"text-editor.default\">\n\t\t\t\t<div class=\"elementor-widget-container\">\n\t\t\t\t\t\t\t\t\t<p>Si est\u00e1s cansado de dietas estas en el lugar adecuado<\/p>\t\t\t\t\t\t\t\t<\/div>\n\t\t\t\t<\/div>\n\t\t\t\t<div class=\"elementor-element elementor-element-4bdfcaf elementor-widget elementor-widget-button\" data-id=\"4bdfcaf\" data-element_type=\"widget\" data-e-type=\"widget\" data-widget_type=\"button.default\">\n\t\t\t\t<div class=\"elementor-widget-container\">\n\t\t\t\t\t\t\t\t\t<div class=\"elementor-button-wrapper\">\n\t\t\t\t\t<a class=\"elementor-button elementor-button-link elementor-size-sm\" href=\"https:\/\/isabelgarcianutri.com\/?page_id=14\">\n\t\t\t\t\t\t<span class=\"elementor-button-content-wrapper\">\n\t\t\t\t\t\t\t\t\t<span class=\"elementor-button-text\">Empieza ya!<\/span>\n\t\t\t\t\t<\/span>\n\t\t\t\t\t<\/a>\n\t\t\t\t<\/div>\n\t\t\t\t\t\t\t\t<\/div>\n\t\t\t\t<\/div>\n\t\t\t\t<\/div>\n\t\t<div class=\"elementor-element elementor-element-871da64 e-con-full e-flex e-con e-child\" data-id=\"871da64\" data-element_type=\"container\" data-e-type=\"container\">\n\t\t\t\t<div class=\"elementor-element elementor-element-7e1672a elementor-widget elementor-widget-image\" data-id=\"7e1672a\" data-element_type=\"widget\" data-e-type=\"widget\" data-widget_type=\"image.default\">\n\t\t\t\t<div class=\"elementor-widget-container\">\n\t\t\t\t\t\t\t\t\t\t\t\t\t\t\t<img fetchpriority=\"high\" decoding=\"async\" width=\"523\" height=\"505\" src=\"https:\/\/isabelgarcianutri.com\/wp-content\/uploads\/2025\/01\/Captura-de-Pantalla-2025-01-22-a-las-15.36.07.png\" class=\"attachment-large size-large wp-image-662\" alt=\"Nutricionista Soria-No dietas\" srcset=\"https:\/\/isabelgarcianutri.com\/wp-content\/uploads\/2025\/01\/Captura-de-Pantalla-2025-01-22-a-las-15.36.07.png 523w, https:\/\/isabelgarcianutri.com\/wp-content\/uploads\/2025\/01\/Captura-de-Pantalla-2025-01-22-a-las-15.36.07-300x290.png 300w\" sizes=\"(max-width: 523px) 100vw, 523px\" \/>\t\t\t\t\t\t\t\t\t\t\t\t\t\t\t<\/div>\n\t\t\t\t<\/div>\n\t\t\t\t<\/div>\n\t\t\t\t\t<\/div>\n\t\t\t\t<\/div>\n\t\t<div class=\"elementor-element elementor-element-fb4333a e-flex e-con-boxed e-con e-parent\" data-id=\"fb4333a\" data-element_type=\"container\" data-e-type=\"container\">\n\t\t\t\t\t<div class=\"e-con-inner\">\n\t\t<div class=\"elementor-element elementor-element-3e76548 e-con-full e-flex e-con e-child\" data-id=\"3e76548\" data-element_type=\"container\" data-e-type=\"container\">\n\t\t\t\t<div class=\"elementor-element elementor-element-0aef49a elementor-widget__width-initial elementor-widget elementor-widget-image\" data-id=\"0aef49a\" data-element_type=\"widget\" data-e-type=\"widget\" data-widget_type=\"image.default\">\n\t\t\t\t<div class=\"elementor-widget-container\">\n\t\t\t\t\t\t\t\t\t\t\t\t\t\t\t<img decoding=\"async\" width=\"1280\" height=\"853\" src=\"https:\/\/isabelgarcianutri.com\/wp-content\/uploads\/2025\/01\/ice-cream-926426_1280.jpg\" class=\"attachment-full size-full wp-image-695\" alt=\"Helado-No dietas\" srcset=\"https:\/\/isabelgarcianutri.com\/wp-content\/uploads\/2025\/01\/ice-cream-926426_1280.jpg 1280w, https:\/\/isabelgarcianutri.com\/wp-content\/uploads\/2025\/01\/ice-cream-926426_1280-300x200.jpg 300w, https:\/\/isabelgarcianutri.com\/wp-content\/uploads\/2025\/01\/ice-cream-926426_1280-1024x682.jpg 1024w, https:\/\/isabelgarcianutri.com\/wp-content\/uploads\/2025\/01\/ice-cream-926426_1280-768x512.jpg 768w\" sizes=\"(max-width: 1280px) 100vw, 1280px\" \/>\t\t\t\t\t\t\t\t\t\t\t\t\t\t\t<\/div>\n\t\t\t\t<\/div>\n\t\t\t\t<\/div>\n\t\t<div class=\"elementor-element elementor-element-89119cc e-con-full e-flex e-con e-child\" data-id=\"89119cc\" data-element_type=\"container\" data-e-type=\"container\">\n\t\t\t\t<div class=\"elementor-element elementor-element-75e893e elementor-widget__width-initial elementor-widget elementor-widget-heading\" data-id=\"75e893e\" data-element_type=\"widget\" data-e-type=\"widget\" data-widget_type=\"heading.default\">\n\t\t\t\t<div class=\"elementor-widget-container\">\n\t\t\t\t\t<h2 class=\"elementor-heading-title elementor-size-default\">Sano, simple y delicioso<\/h2>\t\t\t\t<\/div>\n\t\t\t\t<\/div>\n\t\t\t\t<div class=\"elementor-element elementor-element-12ffa1d elementor-widget elementor-widget-text-editor\" data-id=\"12ffa1d\" data-element_type=\"widget\" data-e-type=\"widget\" data-widget_type=\"text-editor.default\">\n\t\t\t\t<div class=\"elementor-widget-container\">\n\t\t\t\t\t\t\t\t\t<p>Creo que comer sano no tiene que ser complicado ni aburrido. Con opciones pr\u00e1cticas, f\u00e1ciles de preparar y llenas de sabor, te ayudo a convertir la alimentaci\u00f3n saludable en un h\u00e1bito que encaje en tu d\u00eda a d\u00eda, para que disfrutes de cada bocado sin renunciar al placer de comer bien.<\/p>\t\t\t\t\t\t\t\t<\/div>\n\t\t\t\t<\/div>\n\t\t\t\t<div class=\"elementor-element elementor-element-0638b05 elementor-align-right elementor-widget elementor-widget-button\" data-id=\"0638b05\" data-element_type=\"widget\" data-e-type=\"widget\" data-widget_type=\"button.default\">\n\t\t\t\t<div class=\"elementor-widget-container\">\n\t\t\t\t\t\t\t\t\t<div class=\"elementor-button-wrapper\">\n\t\t\t\t\t<a class=\"elementor-button elementor-button-link elementor-size-sm\" href=\"https:\/\/isabelgarcianutri.com\/?page_id=11\">\n\t\t\t\t\t\t<span class=\"elementor-button-content-wrapper\">\n\t\t\t\t\t\t\t\t\t<span class=\"elementor-button-text\">Con\u00f3ceme<\/span>\n\t\t\t\t\t<\/span>\n\t\t\t\t\t<\/a>\n\t\t\t\t<\/div>\n\t\t\t\t\t\t\t\t<\/div>\n\t\t\t\t<\/div>\n\t\t\t\t<\/div>\n\t\t\t\t\t<\/div>\n\t\t\t\t<\/div>\n\t\t<div class=\"elementor-element elementor-element-b5d331b e-flex e-con-boxed e-con e-parent\" data-id=\"b5d331b\" data-element_type=\"container\" data-e-type=\"container\">\n\t\t\t\t\t<div class=\"e-con-inner\">\n\t\t\t\t<div class=\"elementor-element elementor-element-5ea3768 elementor-widget elementor-widget-heading\" data-id=\"5ea3768\" data-element_type=\"widget\" data-e-type=\"widget\" data-widget_type=\"heading.default\">\n\t\t\t\t<div class=\"elementor-widget-container\">\n\t\t\t\t\t<h2 class=\"elementor-heading-title elementor-size-default\">Mi metodolog\u00eda<\/h2>\t\t\t\t<\/div>\n\t\t\t\t<\/div>\n\t\t\t\t<div class=\"elementor-element elementor-element-08a2c2a e-n-tabs-mobile elementor-widget elementor-widget-n-tabs\" data-id=\"08a2c2a\" data-element_type=\"widget\" data-e-type=\"widget\" data-settings=\"{&quot;horizontal_scroll&quot;:&quot;disable&quot;}\" data-widget_type=\"nested-tabs.default\">\n\t\t\t\t<div class=\"elementor-widget-container\">\n\t\t\t\t\t\t\t<div class=\"e-n-tabs\" data-widget-number=\"9055274\" aria-label=\"Pesta\u00f1as. Abre elementos con Intro o Espacio, ci\u00e9rralos con Escape y navega con las fechas.\">\n\t\t\t<div class=\"e-n-tabs-heading\" role=\"tablist\">\n\t\t\t\t\t<button id=\"e-n-tab-title-90552741\" data-tab-title-id=\"e-n-tab-title-90552741\" class=\"e-n-tab-title\" aria-selected=\"true\" data-tab-index=\"1\" role=\"tab\" tabindex=\"0\" aria-controls=\"e-n-tab-content-90552741\" style=\"--n-tabs-title-order: 1;\">\n\t\t\t\t\t\t<span class=\"e-n-tab-title-text\">\n\t\t\t\tCercan\u00eda\t\t\t<\/span>\n\t\t<\/button>\n\t\t\t\t<button id=\"e-n-tab-title-90552742\" data-tab-title-id=\"e-n-tab-title-90552742\" class=\"e-n-tab-title\" aria-selected=\"false\" data-tab-index=\"2\" role=\"tab\" tabindex=\"-1\" aria-controls=\"e-n-tab-content-90552742\" style=\"--n-tabs-title-order: 2;\">\n\t\t\t\t\t\t<span class=\"e-n-tab-title-text\">\n\t\t\t\tIndividualizaci\u00f3n\t\t\t<\/span>\n\t\t<\/button>\n\t\t\t\t<button id=\"e-n-tab-title-90552743\" data-tab-title-id=\"e-n-tab-title-90552743\" class=\"e-n-tab-title\" aria-selected=\"false\" data-tab-index=\"3\" role=\"tab\" tabindex=\"-1\" aria-controls=\"e-n-tab-content-90552743\" style=\"--n-tabs-title-order: 3;\">\n\t\t\t\t\t\t<span class=\"e-n-tab-title-text\">\n\t\t\t\tResultados\t\t\t<\/span>\n\t\t<\/button>\n\t\t\t\t\t<\/div>\n\t\t\t<div class=\"e-n-tabs-content\">\n\t\t\t\t<div id=\"e-n-tab-content-90552741\" role=\"tabpanel\" aria-labelledby=\"e-n-tab-title-90552741\" data-tab-index=\"1\" style=\"--n-tabs-title-order: 1;\" class=\"e-active elementor-element elementor-element-e03d90b e-con-full e-flex e-con e-child\" data-id=\"e03d90b\" data-element_type=\"container\" data-e-type=\"container\">\n\t\t\t\t<div class=\"elementor-element elementor-element-dd79cf3 elementor-widget elementor-widget-text-editor\" data-id=\"dd79cf3\" data-element_type=\"widget\" data-e-type=\"widget\" data-widget_type=\"text-editor.default\">\n\t\t\t\t<div class=\"elementor-widget-container\">\n\t\t\t\t\t\t\t\t\t<p>La atenci\u00f3n personalizada y el contacto continuo son esenciales en mi forma de trabajar. Para m\u00ed, una buena planificaci\u00f3n no solo se basa en pautas nutricionales, sino tambi\u00e9n en que te sientas acompa\u00f1ad@ y respaldad@ en cada paso del proceso. Mi compromiso es estar presente para resolver tus dudas, adaptar el plan seg\u00fan tus necesidades y motivarte en todo momento, garantizando as\u00ed que no te sientas sol@ en tu camino hacia una alimentaci\u00f3n m\u00e1s saludable.<\/p>\t\t\t\t\t\t\t\t<\/div>\n\t\t\t\t<\/div>\n\t\t\t\t<\/div>\n\t\t<div id=\"e-n-tab-content-90552742\" role=\"tabpanel\" aria-labelledby=\"e-n-tab-title-90552742\" data-tab-index=\"2\" style=\"--n-tabs-title-order: 2;\" class=\" elementor-element elementor-element-c38e0a8 e-con-full e-flex e-con e-child\" data-id=\"c38e0a8\" data-element_type=\"container\" data-e-type=\"container\">\n\t\t\t\t<div class=\"elementor-element elementor-element-d507d3d elementor-widget elementor-widget-text-editor\" data-id=\"d507d3d\" data-element_type=\"widget\" data-e-type=\"widget\" data-widget_type=\"text-editor.default\">\n\t\t\t\t<div class=\"elementor-widget-container\">\n\t\t\t\t\t\t\t\t\t<p>En la mayor\u00eda de aspectos de la vida, la individualizaci\u00f3n es importante, pero en la nutrici\u00f3n es extremadamente importante, ya que cada cuerpo es un mundo y tenemos que conocerlo al detalle. Por eso trabajo de forma individualizada \u00a0y adaptado a cada uno de vosotr@s.\u00a0<\/p>\t\t\t\t\t\t\t\t<\/div>\n\t\t\t\t<\/div>\n\t\t\t\t<\/div>\n\t\t<div id=\"e-n-tab-content-90552743\" role=\"tabpanel\" aria-labelledby=\"e-n-tab-title-90552743\" data-tab-index=\"3\" style=\"--n-tabs-title-order: 3;\" class=\" elementor-element elementor-element-edc175c e-con-full e-flex e-con e-child\" data-id=\"edc175c\" data-element_type=\"container\" data-e-type=\"container\">\n\t\t\t\t<div class=\"elementor-element elementor-element-95ac3d9 elementor-widget elementor-widget-text-editor\" data-id=\"95ac3d9\" data-element_type=\"widget\" data-e-type=\"widget\" data-widget_type=\"text-editor.default\">\n\t\t\t\t<div class=\"elementor-widget-container\">\n\t\t\t\t\t\t\t\t\t<p>Este es mi mayor valor diferenciador.\u00a0<\/p><p>Gracias a mi formaci\u00f3n acad\u00e9mica y experiencia junto con una correcta planificaci\u00f3n para tus objetivos con un contacto continuado.\u00a0<\/p><p>Conseguiremos que logres tus objetivos.\u00a0<\/p>\t\t\t\t\t\t\t\t<\/div>\n\t\t\t\t<\/div>\n\t\t\t\t<\/div>\n\t\t\t\t\t<\/div>\n\t\t<\/div>\n\t\t\t\t\t\t<\/div>\n\t\t\t\t<\/div>\n\t\t\t\t\t<\/div>\n\t\t\t\t<\/div>\n\t\t\t\t<\/div>\n\t\t","protected":false},"excerpt":{"rendered":"<p>Empieza a cuidar tu alimentaci\u00f3n y olv\u00eddate de dietas Si est\u00e1s cansado de dietas estas en el lugar adecuado Empieza [&hellip;]<\/p>\n","protected":false},"author":1,"featured_media":0,"parent":0,"menu_order":0,"comment_status":"closed","ping_status":"closed","template":"","meta":{"_monsterinsights_skip_tracking":false,"_monsterinsights_sitenote_active":false,"_monsterinsights_sitenote_note":"","_monsterinsights_sitenote_category":0,"site-sidebar-layout":"default","site-content-layout":"","ast-site-content-layout":"","site-content-style":"default","site-sidebar-style":"default","ast-global-header-display":"","ast-banner-title-visibility":"","ast-main-header-display":"","ast-hfb-above-header-display":"","ast-hfb-below-header-display":"","ast-hfb-mobile-header-display":"","site-post-title":"","ast-breadcrumbs-content":"","ast-featured-img":"","footer-sml-layout":"","theme-transparent-header-meta":"","adv-header-id-meta":"","stick-header-meta":"","header-above-stick-meta":"","header-main-stick-meta":"","header-below-stick-meta":"","astra-migrate-meta-layouts":"default","ast-page-background-enabled":"default","ast-page-background-meta":{"desktop":{"background-color":"var(--ast-global-color-5)","background-image":"","background-repeat":"repeat","background-position":"center center","background-size":"auto","background-attachment":"scroll","background-type":"","background-media":"","overlay-type":"","overlay-color":"","overlay-opacity":"","overlay-gradient":""},"tablet":{"background-color":"","background-image":"","background-repeat":"repeat","background-position":"center center","background-size":"auto","background-attachment":"scroll","background-type":"","background-media":"","overlay-type":"","overlay-color":"","overlay-opacity":"","overlay-gradient":""},"mobile":{"background-color":"","background-image":"","background-repeat":"repeat","background-position":"center center","background-size":"auto","background-attachment":"scroll","background-type":"","background-media":"","overlay-type":"","overlay-color":"","overlay-opacity":"","overlay-gradient":""}},"ast-content-background-meta":{"desktop":{"background-color":"var(--ast-global-color-4)","background-image":"","background-repeat":"repeat","background-position":"center center","background-size":"auto","background-attachment":"scroll","background-type":"","background-media":"","overlay-type":"","overlay-color":"","overlay-opacity":"","overlay-gradient":""},"tablet":{"background-color":"var(--ast-global-color-4)","background-image":"","background-repeat":"repeat","background-position":"center center","background-size":"auto","background-attachment":"scroll","background-type":"","background-media":"","overlay-type":"","overlay-color":"","overlay-opacity":"","overlay-gradient":""},"mobile":{"background-color":"var(--ast-global-color-4)","background-image":"","background-repeat":"repeat","background-position":"center center","background-size":"auto","background-attachment":"scroll","background-type":"","background-media":"","overlay-type":"","overlay-color":"","overlay-opacity":"","overlay-gradient":""}},"footnotes":""},"class_list":["post-5","page","type-page","status-publish","hentry"],"yoast_head":"<!-- This site is optimized with the Yoast SEO plugin v26.0 - https:\/\/yoast.com\/wordpress\/plugins\/seo\/ -->\n<title>P\u00e1gina de incio - Isabel Garc\u00eda nutrici\u00f3n<\/title>\n<meta name=\"robots\" content=\"index, follow, max-snippet:-1, max-image-preview:large, max-video-preview:-1\" \/>\n<link rel=\"canonical\" href=\"https:\/\/isabelgarcianutri.com\/\" \/>\n<meta property=\"og:locale\" content=\"es_ES\" \/>\n<meta property=\"og:type\" content=\"article\" \/>\n<meta property=\"og:title\" content=\"P\u00e1gina de incio - Isabel Garc\u00eda nutrici\u00f3n\" \/>\n<meta property=\"og:description\" content=\"Empieza a cuidar tu alimentaci\u00f3n y olv\u00eddate de dietas Si est\u00e1s cansado de dietas estas en el lugar adecuado Empieza [&hellip;]\" \/>\n<meta property=\"og:url\" content=\"https:\/\/isabelgarcianutri.com\/\" \/>\n<meta property=\"og:site_name\" content=\"Isabel Garc\u00eda nutrici\u00f3n\" \/>\n<meta property=\"article:modified_time\" content=\"2025-03-12T10:38:45+00:00\" \/>\n<meta property=\"og:image\" content=\"https:\/\/isabelgarcianutri.com\/wp-content\/uploads\/2025\/01\/Captura-de-Pantalla-2025-01-22-a-las-15.36.07.png\" \/>\n<meta name=\"twitter:card\" content=\"summary_large_image\" \/>\n<meta name=\"twitter:label1\" content=\"Tiempo de lectura\" \/>\n\t<meta name=\"twitter:data1\" content=\"3 minutos\" \/>\n<script type=\"application\/ld+json\" class=\"yoast-schema-graph\">{\"@context\":\"https:\/\/schema.org\",\"@graph\":[{\"@type\":\"WebPage\",\"@id\":\"https:\/\/isabelgarcianutri.com\/\",\"url\":\"https:\/\/isabelgarcianutri.com\/\",\"name\":\"P\u00e1gina de incio - Isabel Garc\u00eda nutrici\u00f3n\",\"isPartOf\":{\"@id\":\"https:\/\/isabelgarcianutri.com\/#website\"},\"primaryImageOfPage\":{\"@id\":\"https:\/\/isabelgarcianutri.com\/#primaryimage\"},\"image\":{\"@id\":\"https:\/\/isabelgarcianutri.com\/#primaryimage\"},\"thumbnailUrl\":\"https:\/\/isabelgarcianutri.com\/wp-content\/uploads\/2025\/01\/Captura-de-Pantalla-2025-01-22-a-las-15.36.07.png\",\"datePublished\":\"2025-01-14T08:39:56+00:00\",\"dateModified\":\"2025-03-12T10:38:45+00:00\",\"breadcrumb\":{\"@id\":\"https:\/\/isabelgarcianutri.com\/#breadcrumb\"},\"inLanguage\":\"es\",\"potentialAction\":[{\"@type\":\"ReadAction\",\"target\":[\"https:\/\/isabelgarcianutri.com\/\"]}]},{\"@type\":\"ImageObject\",\"inLanguage\":\"es\",\"@id\":\"https:\/\/isabelgarcianutri.com\/#primaryimage\",\"url\":\"https:\/\/isabelgarcianutri.com\/wp-content\/uploads\/2025\/01\/Captura-de-Pantalla-2025-01-22-a-las-15.36.07.png\",\"contentUrl\":\"https:\/\/isabelgarcianutri.com\/wp-content\/uploads\/2025\/01\/Captura-de-Pantalla-2025-01-22-a-las-15.36.07.png\",\"width\":523,\"height\":505,\"caption\":\"Nutricionista Soria-No dietas\"},{\"@type\":\"BreadcrumbList\",\"@id\":\"https:\/\/isabelgarcianutri.com\/#breadcrumb\",\"itemListElement\":[{\"@type\":\"ListItem\",\"position\":1,\"name\":\"Portada\",\"item\":\"https:\/\/isabelgarcianutri.com\/\"},{\"@type\":\"ListItem\",\"position\":2,\"name\":\"P\u00e1gina de incio\"}]},{\"@type\":\"WebSite\",\"@id\":\"https:\/\/isabelgarcianutri.com\/#website\",\"url\":\"https:\/\/isabelgarcianutri.com\/\",\"name\":\"Isabel Garc\u00eda nutrici\u00f3n\",\"description\":\"Dietista-Nutricionista\",\"publisher\":{\"@id\":\"https:\/\/isabelgarcianutri.com\/#organization\"},\"potentialAction\":[{\"@type\":\"SearchAction\",\"target\":{\"@type\":\"EntryPoint\",\"urlTemplate\":\"https:\/\/isabelgarcianutri.com\/?s={search_term_string}\"},\"query-input\":{\"@type\":\"PropertyValueSpecification\",\"valueRequired\":true,\"valueName\":\"search_term_string\"}}],\"inLanguage\":\"es\"},{\"@type\":\"Organization\",\"@id\":\"https:\/\/isabelgarcianutri.com\/#organization\",\"name\":\"Isabel Garc\u00eda nutrici\u00f3n\",\"url\":\"https:\/\/isabelgarcianutri.com\/\",\"logo\":{\"@type\":\"ImageObject\",\"inLanguage\":\"es\",\"@id\":\"https:\/\/isabelgarcianutri.com\/#\/schema\/logo\/image\/\",\"url\":\"https:\/\/isabelgarcianutri.com\/wp-content\/uploads\/2025\/01\/cropped-logo-web-1-e1742378059121.png\",\"contentUrl\":\"https:\/\/isabelgarcianutri.com\/wp-content\/uploads\/2025\/01\/cropped-logo-web-1-e1742378059121.png\",\"width\":512,\"height\":512,\"caption\":\"Isabel Garc\u00eda nutrici\u00f3n\"},\"image\":{\"@id\":\"https:\/\/isabelgarcianutri.com\/#\/schema\/logo\/image\/\"}}]}<\/script>\n<!-- \/ Yoast SEO plugin. -->","yoast_head_json":{"title":"P\u00e1gina de incio - Isabel Garc\u00eda nutrici\u00f3n","robots":{"index":"index","follow":"follow","max-snippet":"max-snippet:-1","max-image-preview":"max-image-preview:large","max-video-preview":"max-video-preview:-1"},"canonical":"https:\/\/isabelgarcianutri.com\/","og_locale":"es_ES","og_type":"article","og_title":"P\u00e1gina de incio - Isabel Garc\u00eda nutrici\u00f3n","og_description":"Empieza a cuidar tu alimentaci\u00f3n y olv\u00eddate de dietas Si est\u00e1s cansado de dietas estas en el lugar adecuado Empieza [&hellip;]","og_url":"https:\/\/isabelgarcianutri.com\/","og_site_name":"Isabel Garc\u00eda nutrici\u00f3n","article_modified_time":"2025-03-12T10:38:45+00:00","og_image":[{"url":"https:\/\/isabelgarcianutri.com\/wp-content\/uploads\/2025\/01\/Captura-de-Pantalla-2025-01-22-a-las-15.36.07.png","type":"","width":"","height":""}],"twitter_card":"summary_large_image","twitter_misc":{"Tiempo de lectura":"3 minutos"},"schema":{"@context":"https:\/\/schema.org","@graph":[{"@type":"WebPage","@id":"https:\/\/isabelgarcianutri.com\/","url":"https:\/\/isabelgarcianutri.com\/","name":"P\u00e1gina de incio - Isabel Garc\u00eda nutrici\u00f3n","isPartOf":{"@id":"https:\/\/isabelgarcianutri.com\/#website"},"primaryImageOfPage":{"@id":"https:\/\/isabelgarcianutri.com\/#primaryimage"},"image":{"@id":"https:\/\/isabelgarcianutri.com\/#primaryimage"},"thumbnailUrl":"https:\/\/isabelgarcianutri.com\/wp-content\/uploads\/2025\/01\/Captura-de-Pantalla-2025-01-22-a-las-15.36.07.png","datePublished":"2025-01-14T08:39:56+00:00","dateModified":"2025-03-12T10:38:45+00:00","breadcrumb":{"@id":"https:\/\/isabelgarcianutri.com\/#breadcrumb"},"inLanguage":"es","potentialAction":[{"@type":"ReadAction","target":["https:\/\/isabelgarcianutri.com\/"]}]},{"@type":"ImageObject","inLanguage":"es","@id":"https:\/\/isabelgarcianutri.com\/#primaryimage","url":"https:\/\/isabelgarcianutri.com\/wp-content\/uploads\/2025\/01\/Captura-de-Pantalla-2025-01-22-a-las-15.36.07.png","contentUrl":"https:\/\/isabelgarcianutri.com\/wp-content\/uploads\/2025\/01\/Captura-de-Pantalla-2025-01-22-a-las-15.36.07.png","width":523,"height":505,"caption":"Nutricionista Soria-No dietas"},{"@type":"BreadcrumbList","@id":"https:\/\/isabelgarcianutri.com\/#breadcrumb","itemListElement":[{"@type":"ListItem","position":1,"name":"Portada","item":"https:\/\/isabelgarcianutri.com\/"},{"@type":"ListItem","position":2,"name":"P\u00e1gina de incio"}]},{"@type":"WebSite","@id":"https:\/\/isabelgarcianutri.com\/#website","url":"https:\/\/isabelgarcianutri.com\/","name":"Isabel Garc\u00eda nutrici\u00f3n","description":"Dietista-Nutricionista","publisher":{"@id":"https:\/\/isabelgarcianutri.com\/#organization"},"potentialAction":[{"@type":"SearchAction","target":{"@type":"EntryPoint","urlTemplate":"https:\/\/isabelgarcianutri.com\/?s={search_term_string}"},"query-input":{"@type":"PropertyValueSpecification","valueRequired":true,"valueName":"search_term_string"}}],"inLanguage":"es"},{"@type":"Organization","@id":"https:\/\/isabelgarcianutri.com\/#organization","name":"Isabel Garc\u00eda nutrici\u00f3n","url":"https:\/\/isabelgarcianutri.com\/","logo":{"@type":"ImageObject","inLanguage":"es","@id":"https:\/\/isabelgarcianutri.com\/#\/schema\/logo\/image\/","url":"https:\/\/isabelgarcianutri.com\/wp-content\/uploads\/2025\/01\/cropped-logo-web-1-e1742378059121.png","contentUrl":"https:\/\/isabelgarcianutri.com\/wp-content\/uploads\/2025\/01\/cropped-logo-web-1-e1742378059121.png","width":512,"height":512,"caption":"Isabel Garc\u00eda nutrici\u00f3n"},"image":{"@id":"https:\/\/isabelgarcianutri.com\/#\/schema\/logo\/image\/"}}]}},"_links":{"self":[{"href":"https:\/\/isabelgarcianutri.com\/index.php?rest_route=\/wp\/v2\/pages\/5","targetHints":{"allow":["GET"]}}],"collection":[{"href":"https:\/\/isabelgarcianutri.com\/index.php?rest_route=\/wp\/v2\/pages"}],"about":[{"href":"https:\/\/isabelgarcianutri.com\/index.php?rest_route=\/wp\/v2\/types\/page"}],"author":[{"embeddable":true,"href":"https:\/\/isabelgarcianutri.com\/index.php?rest_route=\/wp\/v2\/users\/1"}],"replies":[{"embeddable":true,"href":"https:\/\/isabelgarcianutri.com\/index.php?rest_route=%2Fwp%2Fv2%2Fcomments&post=5"}],"version-history":[{"count":24,"href":"https:\/\/isabelgarcianutri.com\/index.php?rest_route=\/wp\/v2\/pages\/5\/revisions"}],"predecessor-version":[{"id":882,"href":"https:\/\/isabelgarcianutri.com\/index.php?rest_route=\/wp\/v2\/pages\/5\/revisions\/882"}],"wp:attachment":[{"href":"https:\/\/isabelgarcianutri.com\/index.php?rest_route=%2Fwp%2Fv2%2Fmedia&parent=5"}],"curies":[{"name":"wp","href":"https:\/\/api.w.org\/{rel}","templated":true}]}}